{"id":17,"date":"2017-10-16T20:30:24","date_gmt":"2017-10-16T18:30:24","guid":{"rendered":"http:\/\/www.yoga-traditionell.de\/?page_id=17"},"modified":"2025-03-01T14:53:15","modified_gmt":"2025-03-01T13:53:15","slug":"einzelunterricht","status":"publish","type":"page","link":"https:\/\/yoga-traditionell.de\/?page_id=17","title":{"rendered":"Einzelunterricht"},"content":{"rendered":"<h5>Yoga im Einzelunterricht<\/h5>\n<p>Im Einzelunterricht erstellen wir gemeinsam eine f\u00fcr Sie geeignete Yogapraxis, die Sie zu Hause \u00fcben k\u00f6nnen. Dabei stehen Sie mit Ihren Bed\u00fcrfnissen und M\u00f6glichkeiten im Mittelpunkt.<\/p>\n<p><img loading=\"lazy\" decoding=\"async\" class=\" wp-image-107 aligncenter\" src=\"https:\/\/yoga-traditionell.de\/wp-content\/uploads\/2017\/10\/Eifel-19.10.14-016a_resized_1-300x200.jpg\" alt=\"\" width=\"446\" height=\"297\" srcset=\"https:\/\/yoga-traditionell.de\/wp-content\/uploads\/2017\/10\/Eifel-19.10.14-016a_resized_1-300x200.jpg 300w, https:\/\/yoga-traditionell.de\/wp-content\/uploads\/2017\/10\/Eifel-19.10.14-016a_resized_1-768x512.jpg 768w, https:\/\/yoga-traditionell.de\/wp-content\/uploads\/2017\/10\/Eifel-19.10.14-016a_resized_1-1024x683.jpg 1024w\" sizes=\"auto, (max-width: 446px) 100vw, 446px\" \/><\/p>\n<h1><\/h1>\n<h5>Alle \u00dcbungsaspekte des Yoga werden mit einbezogen:<\/h5>\n<ul>\n<li>K\u00f6rper\u00fcbungen<\/li>\n<li>Atemtechniken<\/li>\n<li>\u00dcbungen zur Steigerung der Konzentration<\/li>\n<li>Meditation<\/li>\n<li>Yogaphilosophie<\/li>\n<\/ul>\n<h5>Yoga im Einzelunterricht ist f\u00fcr alle Menschen geeignet, die<\/h5>\n<ul>\n<li>im Kurs \u00fcben und ihre Erfahrungen vertiefen m\u00f6chten<\/li>\n<li>auf Grund k\u00f6rperlicher Einschr\u00e4nkungen nicht an einem Kurs teilnehmen k\u00f6nnen oder m\u00f6chten<\/li>\n<li>flexible \u00dcbungszeiten brauchen (wegen Schichtdienst, Pflege von Angeh\u00f6rigen, Kinderbetreuung)<\/li>\n<li>Freude am \u00dcben haben und den Yoga zu einem festen Bestandteil ihres Alltags machen\u00a0 m\u00f6chten<\/li>\n<\/ul>\n<p>Der Einzelunterricht findet in meinem Yogaraum statt:<\/p>\n<p><img loading=\"lazy\" decoding=\"async\" class=\"alignright wp-image-366 size-full\" src=\"https:\/\/yoga-traditionell.de\/wp-content\/uploads\/2018\/01\/cropped-Yogazimmer-007-1.jpg\" alt=\"\" width=\"971\" height=\"546\" srcset=\"https:\/\/yoga-traditionell.de\/wp-content\/uploads\/2018\/01\/cropped-Yogazimmer-007-1.jpg 971w, https:\/\/yoga-traditionell.de\/wp-content\/uploads\/2018\/01\/cropped-Yogazimmer-007-1-300x169.jpg 300w, https:\/\/yoga-traditionell.de\/wp-content\/uploads\/2018\/01\/cropped-Yogazimmer-007-1-768x432.jpg 768w\" sizes=\"auto, (max-width: 971px) 100vw, 971px\" \/> <img loading=\"lazy\" decoding=\"async\" class=\"aligncenter wp-image-160 size-full\" src=\"https:\/\/yoga-traditionell.de\/wp-content\/uploads\/2018\/01\/Yogazimmer-004.jpg\" alt=\"\" width=\"581\" height=\"768\" srcset=\"https:\/\/yoga-traditionell.de\/wp-content\/uploads\/2018\/01\/Yogazimmer-004.jpg 581w, https:\/\/yoga-traditionell.de\/wp-content\/uploads\/2018\/01\/Yogazimmer-004-227x300.jpg 227w\" sizes=\"auto, (max-width: 581px) 100vw, 581px\" \/><\/p>\n<p><img loading=\"lazy\" decoding=\"async\" class=\"aligncenter wp-image-167 size-large\" src=\"https:\/\/yoga-traditionell.de\/wp-content\/uploads\/2018\/01\/Yogazimmer-019b-1024x714.jpg\" alt=\"\" width=\"1024\" height=\"714\" srcset=\"https:\/\/yoga-traditionell.de\/wp-content\/uploads\/2018\/01\/Yogazimmer-019b.jpg 1024w, https:\/\/yoga-traditionell.de\/wp-content\/uploads\/2018\/01\/Yogazimmer-019b-300x209.jpg 300w, https:\/\/yoga-traditionell.de\/wp-content\/uploads\/2018\/01\/Yogazimmer-019b-768x536.jpg 768w\" sizes=\"auto, (max-width: 1024px) 100vw, 1024px\" \/><\/p>\n","protected":false},"excerpt":{"rendered":"<p>Yoga im Einzelunterricht Im Einzelunterricht erstellen wir gemeinsam eine f\u00fcr Sie geeignete Yogapraxis, die Sie zu Hause \u00fcben k\u00f6nnen. Dabei stehen Sie mit Ihren Bed\u00fcrfnissen und M\u00f6glichkeiten im Mittelpunkt. Alle \u00dcbungsaspekte des Yoga werden mit einbezogen: K\u00f6rper\u00fcbungen Atemtechniken \u00dcbungen zur Steigerung der Konzentration Meditation Yogaphilosophie Yoga im Einzelunterricht ist f\u00fcr alle Menschen geeignet, die im [&hellip;]<\/p>\n","protected":false},"author":1,"featured_media":0,"parent":0,"menu_order":0,"comment_status":"closed","ping_status":"closed","template":"","meta":{"footnotes":""},"class_list":["post-17","page","type-page","status-publish","hentry"],"_links":{"self":[{"href":"https:\/\/yoga-traditionell.de\/index.php?rest_route=\/wp\/v2\/pages\/17","targetHints":{"allow":["GET"]}}],"collection":[{"href":"https:\/\/yoga-traditionell.de\/index.php?rest_route=\/wp\/v2\/pages"}],"about":[{"href":"https:\/\/yoga-traditionell.de\/index.php?rest_route=\/wp\/v2\/types\/page"}],"author":[{"embeddable":true,"href":"https:\/\/yoga-traditionell.de\/index.php?rest_route=\/wp\/v2\/users\/1"}],"replies":[{"embeddable":true,"href":"https:\/\/yoga-traditionell.de\/index.php?rest_route=%2Fwp%2Fv2%2Fcomments&post=17"}],"version-history":[{"count":30,"href":"https:\/\/yoga-traditionell.de\/index.php?rest_route=\/wp\/v2\/pages\/17\/revisions"}],"predecessor-version":[{"id":439,"href":"https:\/\/yoga-traditionell.de\/index.php?rest_route=\/wp\/v2\/pages\/17\/revisions\/439"}],"wp:attachment":[{"href":"https:\/\/yoga-traditionell.de\/index.php?rest_route=%2Fwp%2Fv2%2Fmedia&parent=17"}],"curies":[{"name":"wp","href":"https:\/\/api.w.org\/{rel}","templated":true}]}}