{"id":16,"date":"2017-10-16T20:30:24","date_gmt":"2017-10-16T18:30:24","guid":{"rendered":"http:\/\/www.yoga-traditionell.de\/?page_id=16"},"modified":"2026-01-31T12:20:56","modified_gmt":"2026-01-31T11:20:56","slug":"kurse-termine","status":"publish","type":"page","link":"https:\/\/yoga-traditionell.de\/?page_id=16","title":{"rendered":"Kurse &#038; Termine"},"content":{"rendered":"<h1><img loading=\"lazy\" decoding=\"async\" class=\" wp-image-117 aligncenter\" src=\"https:\/\/yoga-traditionell.de\/wp-content\/uploads\/2017\/10\/cropped-Eifel-016-300x180.jpg\" alt=\"\" width=\"530\" height=\"318\" srcset=\"https:\/\/yoga-traditionell.de\/wp-content\/uploads\/2017\/10\/cropped-Eifel-016-300x180.jpg 300w, https:\/\/yoga-traditionell.de\/wp-content\/uploads\/2017\/10\/cropped-Eifel-016-768x460.jpg 768w, https:\/\/yoga-traditionell.de\/wp-content\/uploads\/2017\/10\/cropped-Eifel-016-1024x614.jpg 1024w, https:\/\/yoga-traditionell.de\/wp-content\/uploads\/2017\/10\/cropped-Eifel-016.jpg 2000w\" sizes=\"auto, (max-width: 530px) 100vw, 530px\" \/><\/h1>\n<h1>Samyama<\/h1>\n<p>An diesen Samstagnachmittagen treffen wir uns von 15 bis 18 Uhr zu einem Yoga-Kurzurlaub. Hier geht es f\u00fcr eine Weile raus aus dem Alltag und seinem Gedankenkarussell.<\/p>\n<p>Gemeinsam \u00fcben wir alle Aspekte des Yoga:<\/p>\n<p>Es gibt sanfte K\u00f6rper\u00fcbungen und die klassischen Atem\u00fcbungen des Yoga, Meditationen in Bewegung und auch im stillen Sitzen am Boden oder auf dem Stuhl.<\/p>\n<p>Ein kleiner philosophischer Impuls und das Rezitieren sehr sch\u00f6ner alter vedischer Texte werden nat\u00fcrlich nicht fehlen.<\/p>\n<p>F\u00fcr Getr\u00e4nke und einen kleinen Snack wird gesorgt sein.<\/p>\n<p>Die n\u00e4chsten Termine sind:<\/p>\n<ul>\n<li><strong>Samstag, den 21.02.26\u00a0<\/strong><\/li>\n<li><strong>Samstag, den 21.03.26<\/strong><\/li>\n<li><strong>Samstag, den 18.04.26<\/strong><\/li>\n<\/ul>\n<p>Anmeldung unter 06085-971137 oder <a href=\"mailto:info@yoga-traditionell.de\">info@yoga-traditionell.de<\/a><\/p>\n<hr \/>\n<h1>Yoga f\u00fcr Ge\u00fcbte und Unge\u00fcbte<\/h1>\n<p>Yoga ist ein \u00dcbungsweg, der den Menschen in seiner Ganzheit sieht.<br \/>\nEr bietet einen Ausgleich zu den Anforderungen und der Anspannung des Alltags. Wir \u00fcben sanfte Bewegungen, die Blockaden l\u00f6sen und Spannungen abbauen. In Verbindung mit der Atmung schenken\u00a0 sie uns mehr Beweglichkeit, Konzentration und Gelassenheit.<\/p>\n<h5>Dienstag Vormittag 09:30 \u2013 11:00 Uhr<\/h5>\n<p>DGH Hasselborn, Bahnhofstra\u00dfe 6<br \/>\n12 Einheiten, Beginn 03.02.2026<\/p>\n<h5>Donnerstag Abend 18:00 \u2013 19:30 Uhr<\/h5>\n<p>Frauzeit, Feuerwehrger\u00e4tehaus Brandoberndorf<br \/>\n12 Einheiten, Beginn 05.02.2026<\/p>\n<h5>Donnerstag Abend 20.00 \u2013 21.30 Uhr<\/h5>\n<p>Frauzeit, Feuerwehrger\u00e4tehaus Brandoberndorf<br \/>\n12 Einheiten, Beginn 05.02.2026<\/p>\n<hr \/>\n<h1>Yoga auf, mit, neben und um den Stuhl herum<\/h1>\n<p>Yoga ist ein \u00dcbungsweg, der den Menschen als Einheit von K\u00f6rper und Geist versteht. Wir \u00fcben sanfte Bewegungen, die uns \u2013 in Verbindung mit der Atmung und achtsamer \u00dcbungsweise \u2013 mehr Beweglichkeit und Ausgeglichenheit schenken. Der Yoga bietet vielf\u00e4ltige \u00dcbungsm\u00f6glichkeiten und Variationen, so dass f\u00fcr alle Altersgruppen und Befindlichkeiten etwas dabei sein wird.<\/p>\n<p>Der Kurs eignet sich f\u00fcr \u00e4ltere Menschen und j\u00fcngere Menschen mit k\u00f6rperlichen Einschr\u00e4nkungen. Quereinsteiger sind herzlich willkommen!<\/p>\n<h5>Mittwoch Vormittag 10:00 &#8211; 11:30 Uhr<\/h5>\n<p>Evangelischen Gemeindehaus Brandoberndorf, Pfarrgasse 2, Brandoberndorf<br \/>\n12 Einheiten, Beginn 04.02.2026<\/p>\n<hr \/>\n<h1><strong>Yogasutra<\/strong><\/h1>\n<p>Das Yogasutra ist der \u00e4lteste und wichtigste philosophische Grundlagentext des Yoga.<\/p>\n<p>Auf ihn beziehen sich alle Traditionen des modernen Yoga.<\/p>\n<p>Das Yogasutra beschreibt den menschlichen Geist &#8211;\u00a0 seine Funktion und sein Zusammenspiel mit dem\u00a0 K\u00f6rper. Es behandelt die Fragen, wie Leid entsteht und wie zuk\u00fcnftiges Leid vermieden werden kann.<\/p>\n<p>Wir rezitieren und besprechen die einzelnen Sutren und es wird gen\u00fcgend Zeit geben, sich dar\u00fcber auszutauschen. So lernen wir die Weisheiten des Yogasutra kennen und setzen sie zu uns selbst und dem modernen Leben in Beziehung.<\/p>\n<p>Die Zeitlosigkeit des Textes ist wirklich beeindruckend!<\/p>\n<p>Termine werden individuell vereinbart.<\/p>\n<hr \/>\n<h1>Vedic Chanting individuell in Kleingruppen<\/h1>\n<p>F\u00fcr Informationen zu den Kursen und f\u00fcr die Anmeldung rufen Sie mich bitte an 06085 971137 oder schreiben eine <a href=\"mailto:steffi@yoga-traditionell.de?subject=Anfrage%20\u00fcber%20www.yoga-traditionell.de\">E-Mail<\/a><\/p>\n","protected":false},"excerpt":{"rendered":"<p>Samyama An diesen Samstagnachmittagen treffen wir uns von 15 bis 18 Uhr zu einem Yoga-Kurzurlaub. Hier geht es f\u00fcr eine Weile raus aus dem Alltag und seinem Gedankenkarussell. Gemeinsam \u00fcben wir alle Aspekte des Yoga: Es gibt sanfte K\u00f6rper\u00fcbungen und die klassischen Atem\u00fcbungen des Yoga, Meditationen in Bewegung und auch im stillen Sitzen am Boden [&hellip;]<\/p>\n","protected":false},"author":1,"featured_media":0,"parent":0,"menu_order":0,"comment_status":"closed","ping_status":"closed","template":"","meta":{"footnotes":""},"class_list":["post-16","page","type-page","status-publish","hentry"],"_links":{"self":[{"href":"https:\/\/yoga-traditionell.de\/index.php?rest_route=\/wp\/v2\/pages\/16","targetHints":{"allow":["GET"]}}],"collection":[{"href":"https:\/\/yoga-traditionell.de\/index.php?rest_route=\/wp\/v2\/pages"}],"about":[{"href":"https:\/\/yoga-traditionell.de\/index.php?rest_route=\/wp\/v2\/types\/page"}],"author":[{"embeddable":true,"href":"https:\/\/yoga-traditionell.de\/index.php?rest_route=\/wp\/v2\/users\/1"}],"replies":[{"embeddable":true,"href":"https:\/\/yoga-traditionell.de\/index.php?rest_route=%2Fwp%2Fv2%2Fcomments&post=16"}],"version-history":[{"count":29,"href":"https:\/\/yoga-traditionell.de\/index.php?rest_route=\/wp\/v2\/pages\/16\/revisions"}],"predecessor-version":[{"id":450,"href":"https:\/\/yoga-traditionell.de\/index.php?rest_route=\/wp\/v2\/pages\/16\/revisions\/450"}],"wp:attachment":[{"href":"https:\/\/yoga-traditionell.de\/index.php?rest_route=%2Fwp%2Fv2%2Fmedia&parent=16"}],"curies":[{"name":"wp","href":"https:\/\/api.w.org\/{rel}","templated":true}]}}